se 6, what is -2 + 22350?
22344
In base 2, what is -110100010000 + -10?
-110100010010
In base 12, what is 30 + 4?
34
In base 11, what is 2 - 67?
-65
In base 4, what is 32113 - 10?
32103
In base 6, what is -122 - 3?
-125
In base 13, what is 37 - 5?
32
In base 15, what is -4 - b1?
-b5
In base 8, what is 40 + -2?
36
In base 16, what is -2 + 28?
26
In base 6, what is -121 + -12?
-133
In base 4, what is 10 - 3?
1
In base 16, what is -bd - 24?
-e1
In base 5, what is -1321 + -1?
-1322
In base 8, what is -171 + 33?
-136
In base 13, what is 2b + 1?
2c
In base 7, what is 2 - 66?
-64
In base 15, what is -6 - -60?
59
In base 14, what is -5 - 20?
-25
In base 5, what is -12 + -43?
-110
In base 5, what is -111 - -3?
-103
In base 6, what is 20 - -153?
213
In base 12, what is -116 - -2?
-114
In base 3, what is 110 + -102?
1
In base 10, what is 9 - -1506?
1515
In base 2, what is 0 + -1000111100?
-1000111100
In base 13, what is 1490 + 5?
1495
In base 14, what is 8 - -c?
16
In base 15, what is -5 + 196?
191
In base 9, what is -5484 + -5?
-5500
In base 16, what is be + -66?
58
In base 12, what is 13 - 34?
-21
In base 4, what is -10 + -132312?
-132322
In base 8, what is 20 + 4?
24
In base 12, what is 11 + -11?
0
In base 7, what is -1410 + -3?
-1413
In base 8, what is -2036 + 1?
-2035
In base 7, what is -24 - 2?
-26
In base 6, what is -225 - -42?
-143
In base 16, what is 30 + 2?
32
In base 13, what is -5 - -5?
0
In base 10, what is 49 - -1?
50
In base 2, what is -1000110 + 11?
-1000011
In base 15, what is 642 - -3?
645
In base 7, what is 0 - -1256?
1256
In base 5, what is 44 - 2?
42
In base 16, what is fd + 0?
fd
In base 12, what is 228 + 0?
228
In base 5, what is 32 + -12002?
-11420
In base 5, what is -320 - -2?
-313
In base 6, what is 140 - 204?
-24
In base 2, what is 1100000 + -10?
1011110
In base 13, what is -177a + 2?
-1778
In base 7, what is 1 + -345?
-344
In base 15, what is 4c - e?
3d
In base 4, what is 1111 - 100?
1011
In base 13, what is -2a0 - 5?
-2a5
In base 5, what is 30 - 43?
-13
In base 11, what is -a + 18?
9
In base 7, what is 111 - -23?
134
In base 15, what is -4 - 14a4?
-14a8
In base 4, what is 0 + -3130?
-3130
In base 3, what is -102102 - 12?
-102121
In base 4, what is 11 - 12032?
-12021
In base 6, what is -332220 - 4?
-332224
In base 16, what is -4 - a?
-e
In base 13, what is 6 - 128?
-122
In base 14, what is -a + 183?
177
In base 12, what is 1b - 214?
-1b5
In base 6, what is -102 + -12?
-114
In base 14, what is 49 - 4?
45
In base 3, what is 0 - -22012?
22012
In base 2, what is 110 - -110000100?
110001010
In base 7, what is 5 - -626?
634
In base 9, what is 2837 + 10?
2847
In base 10, what is -455 + 8?
-447
In base 16, what is -4 - -2df?
2db
In base 7, what is 1600 - -1?
1601
In base 12, what is 517 - -5?
520
In base 11, what is 4 + -15a0?
-1597
In base 14, what is -c8a - -4?
-c86
In base 14, what is -a + -34?
-40
In base 13, what is -3 - 34?
-37
In base 3, what is -2 + -22100?
-22102
In base 3, what is 21 - 201?
-110
In base 9, what is 4 + -4474?
-4470
In base 3, what is -200 - 10?
-210
In base 9, what is -10 - -677?
667
In base 5, what is 10 + -32410?
-32400
In base 3, what is -2 - 102?
-111
In base 5, what is -2124 + -13?
-2142
In base 10, what is -5 - 276?
-281
In base 5, what is 10 - 3002?
-2442
In base 10, what is -34 - 243?
-277
In base 4, what is -1210 + 11?
-1133
In base 16, what is 41 + -1a?
27
In base 5, what is -202410 + -10?
-202420
In base 9, what is -4 - 4272?
-4276
In base 8, what is 270 - -44?
334
In base 12, what is 2 + -3168?
-3166
In base 13, what is 0 + -296?
-296
In base 16, what is 1c + -28?
-c
In base 14, what is 6 + -1a9?
-1a3
In base 5, what is -10 + 1204?
1144
In base 13, what is 1b8 - -1?
1b9
In base 14, what is -5 + -12?
-17
In base 5, what is 1434 - 2?
1432
In base 12, what is -3b1 + -2?
-3b3
In base 16, what is 1 - 5e?
-5d
In base 4, what is 13 - 11000?
-10321
In base 14, what is -2d46 - -4?
-2d42
In base 10, what is -3 - -78?
75
In base 3, what is -1 + 212?
211
In base 9, what is 45 - 3?
42
In base 4, what is -1322 - 10?
-1332
In base 11, what is 141 + 1?
142
In base 15, what is 130 - -1?
131
In base 2, what is -11 - -100?
1
In base 8, what is 3 - -43?
46
In base 9, what is -3 - 434?
-437
In base 9, what is 5 - -56?
62
In base 4, what is -11 + 1103?
1032
In base 10, what is 908 + -2?
906
In base 2, what is 111 - -10001?
11000
In base 5, what is -4134 + 3?
-4131
In base 7, what is 4 + 113?
120
In base 13, what is -7 - -17?
10
In base 15, what is -33 - 23?
-56
In base 9, what is 21 - -3?
24
In base 2, what is 1101001011 - -101?
1101010000
In base 7, what is -5 + 10?
2
In base 2, what is -100 - -111101?
111001
In base 5, what is 113 + -22?
41
In base 14, what is 6 - ab?
-a5
In base 14, what is 4d7 + -3?
4d4
In base 10, what is -256 + -5?
-261
In base 8, what is -37 - 3?
-42
In base 14, what is -d - 18?
-27
In base 4, what is 112 - -1132?
1310
In base 15, what is 1296 + 0?
1296
In base 12, what is -89 - 2b?
-b8
In base 16, what is 1 - -35b?
35c
In base 16, what is 54 + 0?
54
In base 5, what is 113 - -331?
444
In base 15, what is 2 + e?
11
In base 2, what is -110011 - 110100?
-1100111
In base 6, what is -355 + 4?
-351
In base 6, what is 124 - -5?
133
In base 6, what is -33 - 511?
-544
In base 9, what is 865 - 1?
864
In base 14, what is 50 - -c?
5c
In base 5, what is 2 + -1000?
-443
In base 15, what is 28 - -b?
34
In base 15, what is 9c - 1c?
80
In base 8, what is -15 + 24?
7
In base 11, what is 5 - -412?
417
In base 5, what is -1 + -1124?
-1130
In base 12, what is -24 - 15?
-39
In base 5, what is -101 - -302?
201
In base 15, what is b6 - 3?
b3
In base 6, what is -235 - 5?
-244
In base 8, what is -16 + 16?
0
In base 8, what is -1 + -42?
-43
In base 10, what is 23 + 27?
50
In base 2, what is 11 - -100?
111
In base 5, what is 2343 - 13?
2330
In base 15, what is -ca - -9?
-c1
In base 14, what is 0 + -17?
-17
In base 12, what is -2 - 536?
-538
In base 9, what is -4 - 275?
-280
In base 5, what is -3 - -242?
234
In base 16, what is -2213 + -4?
-2217
In base 2, what is -1001100 + -100100?
-1110000
In base 14, what is -50 + -8?
-58
In base 6, what is 1 - -320?
321
In base 3, what is 12221 + 111?
20102
In base 9, what is 3325 - 0?
3325
In base 2, what is -11001000 - -1110?
-10111010
In base 6, what is 0 - -104413?
104413
In base 12, what is 3 + 25?
28
In base 5, what is 22 + 30?
102
In base 14, what is -63c0 - 0?
-63c0
In base 15, what is 446 + -5?
441
In base 15, what is -5 - -3a1?
39b
In base 9, what is 1 - 34?
-33
In base 6, what is 2 - -110?
112
In base 4, what is 11 + 10311?
10322
In base 7, what is -14436 + -2?
-14441
In base 13, what is 3 + 13?
16
In base 3, what is -1 - -2120021?
2120020
In base 10, what is 1 + -247?
-246
In base 14, what is 5 + -1558?
-1553
In base 12, what is 180b + -4?
1807
In base 8, what is 77 + 260?
357
In base 6, what is 0 + 10413?
10413
In base 5, what is 3 + -10?
-2
In base 6, what is -4 + -1245?
-1253
In base 8, what is 0 - -233?
233
In base 13, what is 5 + 28?
30
In base 4, what is -2000 + 1?
-1333
In base 9, what is -216 + -5?
-222
In base 14, what is 3 - 6c?
-69
In base 8, what is -3 + -6736?
-6741
In base 13, what is -4034 - -2?
-4032
In base 16, what is 12 - 156?
-144
In base 5, what is -142 + 0?
-142
In base 6, what is 420 + -13?
403
In base 14, what is 22 - -5?
27
In base 2, what is -100 - -1010000110100?
1010000110000
In base 5, what is -3 - -2130?
2122
In base 13, what is 22 - -6a?
8c
In base 13, what is -29 - 12?
-3b
In base 6, what is -10 - 0?
-10
In base 16, what is 38 - 0?
38
In base 15, what is -19 + b6?
9c
In base 7, what is -1 + 15050?
15046
In base 2, what is 0 - -1110111110?
1110111110
In base 5, what is 32241 - 12?
32224
In base 12, what is -2221 - -3?
-221a
In base 3, what is -12111 + -22?
-12210
In base 2, what is -100 + -1101?
-10001
In base 13, what is 5 + 47?
4c
In base 9, what is -34 - -6?
-27
In base 5, what is 32 - 1?
31
In base 7, what is 5 - -236?
244
In base 2, what is 11 + 10101101?
10110000
In base 13, what is 1 - -105?
106
In base 13, what is 1 + 1687?
1688
In base 7, what is -4 - 1052?
-1056
In base 7, what is -4 + -124?
-131
In base 8, what is 412 - 11?
401
In base 6, what is -1025 + 202?
-423
In base 13, what is 5 + -30?
-28
In base 4, what is 22 - -200023